he greatest common divisor of 8 and w.
1
Let a(l) = l**2 - 9*l - 6. Let z be a(10). Suppose 2*m - 36 = m + 5*c, 0 = c - z. Let s = -13 + 21. Calculate the greatest common factor of s and m.
8
Let d(m) = 26*m + 22. Let a be d(-3). Let q = a - -60. Calculate the greatest common factor of q and 3.
1
Let i = -4 - -10. Suppose -2*y - i = -2*g, 2*g = -5*y + 2*y + 16. Let b(l) = -l + 25. Let j be b(0). What is the highest common factor of g and j?
5
Let x = -61 + 59. Let c be 0 - x/(-3) - 583/(-33). Calculate the greatest common divisor of c and 34.
17
Suppose 0*l = -4*l - 44. Let u(m) = 2*m + 23. Let z be u(l). What is the highest common factor of 3 and z?
1
Suppose 100*m - 59*m = 55063. What is the greatest common divisor of m and 68?
17
Suppose 2*n - 205 = -77. What is the highest common divisor of 4 and n?
4
Let j be -1 + 2 - (-7 - -6). Suppose j*l = 5*n - l - 759, -5*l + 10 = 0. Calculate the greatest common factor of n and 17.
17
Let b = 10 - 13. Let g be 45*(30 + b)/3. Suppose -15*p - g = -20*p. What is the highest common divisor of 9 and p?
9
Suppose 209*o - 191*o = 7236. What is the greatest common divisor of o and 6?
6
Let w(m) = 3*m**3 + 38*m**2 + 19*m + 27. Let y be w(-12). What is the highest common divisor of y and 116?
29
Let c = 22 - 13. Let g = -43 - -52. Let m(t) = t**2 - t + 27. Let y be m(g). Calculate the highest common factor of y and c.
9
Suppose -309 = -5*y - 176*k + 173*k, 0 = y - 3*k - 69. Calculate the highest common factor of y and 126.
63
Let r(a) = 2*a + 10. Let s = 69 - 64. Let b be r(s). What is the highest common divisor of 60 and b?
20
Let z(q) = -2*q**2 - 19*q + 11. Let f be z(-10). Suppose 2*p + 1 = 5*j - 48, 0 = j + 5*p + 1. Calculate the greatest common divisor of j and f.
1
Suppose 365 = 17*b - 162. What is the greatest common divisor of b and 279?
31
Suppose 0 = 3*m - 0*m - 297. Let p(q) = -2*q**3 + 2*q**2 + 3*q - 4. Let u be p(-3). Suppose n - 70 = -u. Calculate the greatest common divisor of m and n.
11
Suppose -5*a + 688 = -a + 4*w, 0 = a + 3*w - 166. What is the highest common divisor of a and 91?
7
Let s = -598 - -614. What is the greatest common factor of 248 and s?
8
Let t(l) = 2*l - 7. Let s be t(5). Suppose r + s*r = 8. Suppose -2*k = r - 8. What is the greatest common divisor of 2 and k?
1
Suppose 8 = -4*w, w + 176 = 5*g + 3*w. Suppose -132 = -4*n - g. What is the highest common divisor of n and 8?
8
Let o be (-195)/(-45) + 4/(-3) + 1. Let w(i) = 14*i**2 - 5*i - 1. Let u be w(o). Calculate the greatest common factor of u and 29.
29
Let u(l) be the first derivative of -5*l**2 - 9 - l**2 + 2*l**2 - 60*l + 58*l. Let b be u(-6). What is the greatest common factor of 23 and b?
23
Suppose -2*b - 808 = -5*b + 4*i, -2*i = 4*b - 1048. Let x = 119 + -86. What is the greatest common factor of b and x?
33
Let j = 111 + -109. Suppose 29 = p - 3*t, 2*p = -2*p - j*t + 102. What is the highest common divisor of p and 39?
13
Let t be ((-248)/(-32))/(1/12). Calculate the highest common factor of t and 124.
31
Suppose 0 = -3*f + 12, 6 = 5*b - 3*f - 7. Calculate the greatest common divisor of 65 and b.
5
Let b(d) = -d**3 - 5*d**2 - 6*d + 1. Let m be b(-2). Suppose -4*u + 0*u + 8 = 0. Calculate the greatest common factor of m and u.
1
Let n be (-4 - -3)*2/((-4)/90). Suppose -n - 3 = -2*z. What is the greatest common divisor of 6 and z?
6
Let d be 850/20*12/2. Calculate the greatest common divisor of 15 and d.
15
Let v = 18 + -11. Suppose 0 = v*n - 5*n - 110. Calculate the greatest common divisor of 5 and n.
5
Suppose 3*s - 12*y + 8*y - 16950 = 0, 2*s - 11300 = y. Calculate the highest common divisor of 10 and s.
10
Suppose 0 = 38*n - 30*n - 112. What is the greatest common divisor of n and 14?
14
Let w be (22/77)/1 - 502/(-7). What is the greatest common divisor of 936 and w?
72
Let j be (92/4)/(2 + -1). Let k be j + -6 + -3 + 7. Calculate the greatest common factor of 189 and k.
21
Suppose 42*d + 12*d = 21924. What is the highest common factor of 84 and d?
14
Let h(o) = o**3 + 8*o**2 - 10*o + 1. Let w be h(-7). Let r be -7 - -4 - 184/2. Let p be (-1349)/r + 4/5. Calculate the highest common divisor of w and p.
15
Let z = 389 - -511. What is the greatest common factor of z and 60?
60
Let z(c) = -487*c**3 - 2*c**2 - 17*c - 16. Let s be z(-1). What is the highest common divisor of s and 378?
54
Let i = 1510 + -1098. Calculate the highest common factor of i and 721.
103
Let f(h) = 2*h**2 + 27*h + 208. Let u be f(-7). Suppose 0*s + 5*s - 390 = 0. Calculate the highest common divisor of u and s.
39
Suppose 23 = -5*o + 18. Let n = 11 + o. What is the highest common factor of 4 and n?
2
Let d be 15 + -1*(-3)/(-1). Suppose 5*l = 4*w - 12, -3 = -6*l + 3*l - w. Suppose l = r + 3, -22 = 3*t - 7*t + 2*r. What is the highest common factor of t and d?
4
Let u = 80 - 56. Calculate the greatest common divisor of 42 and u.
6
Suppose -10*y = -18*y + 48. Calculate the highest common factor of y and 102.
6
Let p be 4 + (-9)/(-3 + 6). Let q be p/4 + (-49)/(-28). Let f(d) = d**2 - 10*d + 12. Let s be f(9). What is the highest common factor of s and q?
1
Let u = -816 - -822. Calculate the greatest common factor of 2 and u.
2
Suppose 13 = 9*q - 113. What is the highest common factor of q and 14?
14
Let z = -4 - -11. Let d be (2 - 16)/((-80)/440). What is the highest common factor of d and z?
7
Let l be 390/36 - -5 - 2/(-12). What is the highest common divisor of 200 and l?
8
Let b = 90 + -2. Suppose -60 = -5*y - 5*h, 3*y - 56 = -2*y - h. What is the highest common factor of b and y?
11
Let b(y) = -3*y + 3. Let c be b(-6). Let m = -1051 + 1072. Calculate the greatest common factor of c and m.
21
Let i(r) = 2*r**2 + r - 1 - 8 + 7 - 4*r**2 - 6*r**3. Let f be i(-2). Suppose 6*b + f = 7*b. Calculate the highest common factor of b and 24.
12
Let q(u) = -31*u + 3. Let w(v) = 124*v - 13. Let b(c) = -9*q(c) - 2*w(c). Let z be b(1). Calculate the highest common factor of 10 and z.
10
Let m(c) = -20*c + 56. Let t be m(-7). Calculate the greatest common factor of 49 and t.
49
Let o(q) = -3*q**3 - 2*q**2 + 5*q + 3. Let c = 3 - 3. Suppose a = -c*a - 4. Let w be o(a). What is the greatest common divisor of w and 13?
13
Let g(n) = -8*n + 21. Let t be g(5). Let o = -7 - -12. Let y = o - t. Calculate the greatest common divisor of y and 8.
8
Let y be (-1 - -1)/((-1)/(-1)). Suppose -a + 5 - 2 = y. Let g(l) = 7*l - 14. Let v be g(5). Calculate the highest common factor of v and a.
3
Let h(a) = a**3 - 32*a**2 + 36*a - 92. Let j be h(31). Calculate the greatest common divisor of 693 and j.
63
Suppose 3*y = 325 - 73. What is the greatest common divisor of y and 616?
28
Let d = -2019 - -2173. What is the highest common divisor of 182 and d?
14
Suppose 4*i = 4*h + h - 344, 0 = -h + 5*i + 52. Suppose h*x = 73*x - 32. What is the greatest common divisor of x and 4?
4
Let l(n) = n + 9. Let z be l(-5). Suppose 4*p - 779 = o + 372, -z*p = 5*o - 1157. What is the highest common factor of 32 and p?
32
Let g be 10809/360*12 - 6/20. What is the highest common divisor of 135 and g?
45
Let m = 255 + -217. What is the greatest common factor of 190 and m?
38
Suppose 0*n + 480 = 5*n. Let c be (-1148)/70 - 4/(-10). Let m be c/(-56) - 444/(-14). Calculate the highest common factor of n and m.
32
Let d be 1/(-2) + 2840/80. Calculate the greatest common divisor of 77 and d.
7
Let d be (1/(-2))/(1/(-324)). Suppose 2*s - d = 280. Calculate the highest common divisor of s and 13.
13
Suppose -4*f - 4*k = -196, -12 = -2*k - k. Suppose 0 = 5*b - p - 93, -p - 1 + 70 = 4*b. What is the greatest common divisor of f and b?
9
Suppose -4*f + v = -325, -v - 29 - 56 = -f. What is the greatest common divisor of f and 1?
1
Let b be 16/28 - (-300)/14. Suppose 19*g - b*g = -168. What is the greatest common factor of 140 and g?
28
Let h(x) = 16*x + 12. Let l be h(10). Let y(i) = -3*i**2 + 8*i - 6. Let q be y(7). Let b = q + l. What is the greatest common divisor of b and 50?
25
Suppose -v - z + 18 = 0, 5*v - z + 5*z = 95. What is the greatest common divisor of 1633 and v?
23
Let c be 6/(-7)*28/(-8). Let b be 0 - (-8)/(4 - c). Suppose 5*j = 4*h - 5, 2*h = h - j + b. What is the greatest common factor of h and 15?
5
Let w be (-41)/(-2) - (-30)/20. Let n = 37 - w. What is the greatest common divisor of 1